mposite number?
True
Let h = 7712 - 5103. Is h a prime number?
True
Let u(w) = w**2 + 21*w + 42. Let p be u(-19). Suppose -3*h = -4*a - 229, 435 = 3*h + 2*h + p*a. Is h composite?
False
Let z(d) = -2*d - 7. Let m be z(-6). Suppose m*f = 3*f + 70. Is f a composite number?
True
Let l(n) = -1694*n - 1263. Is l(-8) prime?
True
Suppose 8 = -7*t + 11*t. Suppose t*z = 4*z - 222. Is z composite?
True
Let g(s) = 6*s**2 - s - 1. Suppose 4*d - 1 = 7. Suppose a = -d - 4. Is g(a) prime?
False
Let k = -10422 - -6380. Is k/(-14) + 26/91 composite?
True
Let z = 6396 + -3485. Is z a composite number?
True
Let s(w) = 165*w**3 + 2*w**2 + 11*w + 1. Is s(6) a composite number?
True
Let b(p) = 8*p**2 + 11*p - 8. Let m be b(-6). Suppose 698 = 4*k + m. Is k a prime number?
False
Suppose 0 = -4*w + 56 + 24. Suppose b - 3*b = -3*a - w, 4 = -3*b - 4*a. Suppose -b*g - 92 = -616. Is g composite?
False
Let f be (-1)/(-10)*2 + 6876/(-30). Let d = 576 + f. Is d a composite number?
False
Suppose -2*y + 1309 = -5*b, 2*y + 4*b - 1291 = 3*b. Is y a prime number?
True
Let o(s) = -s**3 + 9*s**2 + 2*s + 14. Let r be o(10). Let i be 204/33 - (-12)/r. Suppose -3*j + 12 = -i*j, -2*w + 5*j + 598 = 0. Is w prime?
False
Let n be (888/(-42))/(18/(-105))*-3. Is 136/(-20)*n/4 a prime number?
False
Let l(z) = 12*z**2 + 20*z + 17 - 5*z - 11*z. Let j be l(-9). Suppose j = -5*q + 6*q. Is q prime?
True
Suppose 0*g = 3*g + 4*b - 920, 0 = g - 3*b - 311. Suppose 0 = -3*h + 73 + g. Is h composite?
False
Let s be 13/2 - 1/2. Let h(r) = -r**2 + 8*r - 10. Let d be h(s). Is (0 - d)*(-255)/6 composite?
True
Suppose 12*q = 11*q. Let x(v) = -8 - 4*v**2 + 1 + 11*v**2 + v**3 - 2*v + q. Is x(-5) a composite number?
False
Suppose -4*s - 30 = 46. Let f = s - -52. Is f a composite number?
True
Let w(f) = 8*f**3 - 5*f**2 + 5*f + 9. Let a be w(8). Suppose -3*s + a = 2*v, 5*v + s = 2*s + 9554. Suppose -5*j - u = -0*j - v, 2*j - 768 = -4*u. Is j prime?
False
Suppose -2*r - 3*c + 6775 = -0*c, -5*c = 5*r - 16935. Is r prime?
False
Let o(z) = -13*z**3 + 14*z**2 + 2*z + 10. Is o(-7) prime?
False
Suppose -3*l + 40 = 5*l. Suppose 200 = 5*q - 0*q - l*f, -f - 3 = 0. Is q prime?
True
Let p be (-38)/(-3)*(1 - 4). Let a = -42 - -25. Let n = a - p. Is n prime?
False
Let j = 21 + -21. Suppose v = -3*u + 42 + 21, 5*v - 5*u - 315 = j. Suppose 0 = -4*p - 4 + 20, 0 = -x + 4*p + v. Is x composite?
False
Let w be (1/(-3))/((-58)/20532). Suppose -2*y = 95 + 97. Let k = w - y. Is k prime?
False
Let j(r) = -4*r + 12. Let b be j(0). Is (-274)/((-32)/b + 2) a prime number?
False
Let b = 27 - 33. Is (-5601)/b - (-7)/14 composite?
True
Let n = -30 - -24. Is 298/(-2)*n/6 composite?
False
Let f(p) = 7*p - 29. Let x be f(12). Suppose x*g = 58*g - 1041. Is g prime?
True
Suppose 50*r - 40*r = 91010. Is r prime?
False
Let l be (86/(-5))/(8/(-80)). Let x = l - 247. Let c = x - -178. Is c a composite number?
False
Let l be 8490/14 - 12/(-21). Let g = 279 + l. Is g composite?
True
Suppose -a = -3*f - 17, 0*a - 5*f - 19 = 3*a. Let x be -2 + 5 + (1 - 0). Suppose -a*q + 4*b + 169 = -q, x*q - 3*b = 637. Is q prime?
True
Let o = 13 - 8. Suppose o*b + 1490 = 10375. Is b composite?
False
Let a be (-4 - (4 - 158))*(-10)/6. Let z = -144 - a. Is z composite?
True
Let n = 3091 - -1332. Is n a prime number?
True
Let m be ((-4)/(-4))/(1/(-12)). Suppose 4*d - 236 = -h - 3*h, 5*d - 285 = 5*h. Let u = m + d. Is u a composite number?
True
Suppose -15*f + 11938 + 10502 = 0. Let u = 3319 - f. Is u a prime number?
True
Let n(o) = -6*o**3 + 2*o**2 - 8*o + 11. Let r(i) be the second derivative of -i**5/20 - i**3/6 + i**2/2 + 6*i. Let l(f) = -n(f) + 4*r(f). Is l(6) composite?
True
Let z(o) = -3*o**3 + 2*o**2 - o + 1. Let s be z(-2). Suppose -3*x + 430 = -w + s, 3*x = -3*w + 387. Is x a prime number?
True
Suppose 4*q - 4*b = 4, 0 = -4*q + 2*b - 8 + 4. Let s(z) = 42*z**2 - 10*z - 1. Is s(q) a composite number?
True
Let o = 26711 + -17472. Is o a prime number?
True
Let l(p) = -214*p + 8. Let m be l(4). Let s = 1269 + m. Let c = s + -276. Is c prime?
False
Is 2/3*5685/10 prime?
True
Let n(z) = 1511*z**3 - 3*z + 3. Is n(1) prime?
True
Let r(j) = -j + 1. Let l(s) = 515*s + 14. Let o(z) = l(z) - 5*r(z). Is o(2) prime?
True
Let d(r) = -7734*r - 55. Is d(-2) a prime number?
True
Let l = 508 - 133. Suppose -3*i + l + 1732 = 2*h, -5310 = -5*h + i. Is h a composite number?
False
Suppose -q = -76*g + 81*g - 33808, 4*q - 13534 = -2*g. Is g a composite number?
False
Suppose 0 = 2*c + 2*j - 1534, -4*c + 4*j = -2*c - 1534. Is c composite?
True
Let c be (-1*42/10)/((-4)/8380). Suppose -f = 0, 3*q = -2*f + f + c. Is q a composite number?
True
Suppose 3*y + 2*m + 263 = 0, -4*m = 5*y + 313 + 122. Let a = 354 - y. Is (-5)/(-10) - a/(-2) composite?
False
Is 189813/24 + -2 + (-2)/(-16) composite?
False
Let g = 121595 - 46152. Is g a prime number?
False
Let r = -1421 + 4870. Is r composite?
False
Let h = -2501 + 4682. Let z = -1540 + h. Is z a prime number?
True
Suppose 0 = g + 326 - 48. Let x = -181 - g. Is x a composite number?
False
Suppose 16*x - 2*x - 81396 = 0. Let f = x - 2663. Is f prime?
False
Suppose 0*j - 4*j = -12. Suppose 4*h + 178 = j*y - 147, 329 = 3*y - 2*h. Suppose -203 = -w + x + y, -w + 309 = -2*x. Is w prime?
False
Let n(b) = -21*b. Let z be n(1). Let t = z + 26. Suppose -4*s + a = -9*s + 1009, 0 = -5*s + t*a + 985. Is s a composite number?
True
Suppose 658 = v + 3*a, 3*v - 34 - 1956 = -5*a. Suppose d - v = -x, 2*d = 5*x - 39 + 1358. Is d composite?
True
Let j(l) = l**3 - 6*l**2 - 6*l - 2. Let a be j(7). Suppose a*q - 864 = 506. Is q prime?
False
Suppose -155*b + 161*b - 17166 = 0. Is b a composite number?
False
Let c = 7 - 8. Is c + 2 - -103 - -2 a prime number?
False
Suppose r = -4*i - 5 - 13, -3*r + 10 = -4*i. Let k be (-4886)/i + 1/(-2). Suppose -a + 4*a - k = 0. Is a composite?
True
Let f = 65209 - 26866. Is f a prime number?
False
Let i(l) = -1868*l - 13. Let p be i(-1). Suppose 0 = -2*m + 6 + 6. Suppose t - m*t = -p. Is t composite?
True
Let q = 8085 + -4648. Is q a composite number?
True
Is (42/(-63))/(4/(-11418)) prime?
False
Suppose 3*y + 56 - 158 = 0. Suppose -3*j - 174 + 4 = -5*r, 3*j - y = -r. Suppose 2*x + o - 168 = 0, 124 + r = 2*x - 4*o. Is x prime?
True
Suppose 3537 = 4*j - 1511. Is j a composite number?
True
Let z = -20814 + 63095. Is z prime?
True
Let b(t) = 57*t**3 - 5*t**2 - 15*t - 10. Is b(7) a composite number?
True
Let k(y) = -3 - y + 4 + y**2 - 2. Let w be k(1). Is 28 - (-4 - (0 + w)) composite?
False
Suppose -5*f + 15*f - 4670 = 0. Is f a prime number?
True
Let h(f) = -415*f**3 - 9*f - 21. Is h(-2) a prime number?
False
Is 50/20*(-3882)/(-15) composite?
False
Let k(u) be the third derivative of -u**6/360 - u**5/12 - u**4/3 + 4*u**3/3 + 7*u**2. Let i(q) be the first derivative of k(q). Is i(-7) composite?
False
Let d(z) = 4*z + 10. Let n(p) = 3*p + 9. Let h(i) = -5*d(i) + 4*n(i). Let y(k) = -8*k - 13. Let w(c) = 4*h(c) - 5*y(c). Is w(13) a composite number?
False
Suppose 50*o = 44*o + 35034. Is o composite?
False
Is ((-508)/(-8))/((-3)/(-30)) a prime number?
False
Let p = 1 - -1. Suppose -f + 2*t + 3300 = f, p*t + 4945 = 3*f. Suppose 14*x - f = 7*x. Is x composite?
True
Let c(d) = -2*d**3 - 9*d**2 - 7*d + 1. Suppose 56 = w + 20. Suppose -4*j - w = -4. Is c(j) prime?
False
Suppose 95262 = -1036*s + 1042*s. Is s a composite number?
False
Is (-5)/15*0 + 38644/4 a prime number?
True
Suppose 42*c = 45*c - 18471. Is c composite?
True
Let t = 75 - 46. Suppose 1639 = 30*i - t*i. Is i composite?
True
Let p(d) = 5*d**2 + 11*d + 6. Let k(c) = 6*c**2 + 12*c + 7. Let t(a) = 6*k(a) - 7*p(a). Let w be t(5). Is 627 + w - 6/(-3) prime?
False
Let u(x) = x**2 - 16*x + 17. Let i be u(15). Suppose -i*l = -8*l + 744. Suppose l = -3*w + 7*w. Is w composite?
False
Let s be 9 - (-8)/3*(-45)/30. Suppose r - 2*q - 2687 = -0*r, 4*r + s*q - 10709 = 0. Is r composite?
True
Let v(h) be the second derivative of 3*h**5/4 - h**4/12 + h**2/2 - 5*h. Let o be v(-1). Is (-6)/o + 786/10 a prime number?
True
Let f = -4137 - -8324. Is f a prime number?
False
Let d(c) = -3*c**2 - 23*c - 7. Let q be d(-8). Is 1158 + -1 + (-3)/q*0 a prime number?
False
Let u be 6/2*80/(-12). Let m(b) = -b**3 - 18*b**2 + 7*b - 5. Is m(u) a composite number?
True
Let j(h) = 1 - 7*h + 8*h + 4 + 0. Let o be j(-2